is the hundreds digit of w?
1
Let q = -2105 + 1436. Let k = -351 - q. What is the units digit of k?
8
Let k be 270/24 - (-1)/(-4). Let l(p) = -8*p**2 + p**3 - 8 + 15 + 1 - 26*p. What is the tens digit of l(k)?
8
Let s be 22719/(-3)*((1 - 1) + -2). Suppose -4182 - s = -32*z. What is the units digit of z?
4
Suppose -3*m - 2*w = -1681, 4*m + w - 1199 = 1049. What is the units digit of m?
3
Let k = 144 + -95. Let g be (-7)/k*-2 + (-2)/7. Suppose 14*p - 6*p - 816 = g. What is the tens digit of p?
0
Suppose 7*v - 55 = 6*v - 3*o, o + 96 = 2*v. Let m = -47 + v. Suppose h + 67 = m*k - 249, k = 4*h + 151. What is the tens digit of k?
5
What is the thousands digit of (-22 - 460656/80)*-15?
6
Let a(y) = 45*y - 399. Let l be a(9). Suppose -l*k = -13254 + 4578. What is the units digit of k?
6
Suppose -516263 = -236*a + 1463884 + 1565753. What is the ten thousands digit of a?
1
Let j(a) = -10*a - 56. Let y be j(-6). Let z be (-23171)/(-221) - y/(-26). Suppose -z = 7*n - 14*n. What is the tens digit of n?
1
Let z(r) = -12*r**2 - 3 + 3*r**3 + 12 - 4*r + 8*r**2. Let m be z(4). Suppose 0 = 5*h - m - 214. What is the tens digit of h?
6
Let d be (1 + 3)/((-274)/(-68) + -4). What is the tens digit of (-2)/(-8) + 14790/d?
0
Let x(a) = 4*a**2 + 9*a - 1. Let c be x(-3). Suppose c*o = 8227 + 1221. What is the thousands digit of o?
1
Let r(c) = 23*c + 28. Let y(b) = b**2 - 4*b - 5. Let u be y(-2). Let q be r(u). Suppose -2*n = -q - 81. What is the units digit of n?
5
Let k(w) = 27*w - 2. Let u be k(2). Suppose -5*t - 3*q - 22 = 197, t - 4*q = -53. Let j = t + u. What is the units digit of j?
7
Suppose 2 = -10*l + 22. Suppose 145 + 619 = l*v. What is the tens digit of v?
8
Let k(s) = 18*s + 27. Let h be k(-7). Let w = h - -124. What is the units digit of (w/(-20) + -4)/((-3)/56)?
8
Suppose -6*z - 8 = -9*z - l, -28 = -5*z + 2*l. What is the hundreds digit of 3 + (657 - 7) - z?
6
Let h = 580 - 404. Let i = h - 129. What is the units digit of i?
7
Let c = 110951 + -50889. What is the tens digit of c?
6
Suppose -3*c + 6369 = -2*y, c + 88*y - 84*y - 2151 = 0. What is the units digit of c?
7
Let n = 96 - 95. Suppose -5*m + n = -14. Suppose -2*k - m*b = -3, -k + 3*b - 2 = -8. What is the units digit of k?
3
Suppose -5*n = 4*o - 202190, -101094 = -3232*o + 3230*o - 3*n. What is the ten thousands digit of o?
5
Suppose 2*w + 2*k - 5924 = 0, 2476 = w + 5*k - 466. What is the tens digit of w?
6
Let r(s) = -333*s**3 + 3*s + 3. Suppose -34*m + 32*m = 2. Let h be r(m). Suppose -6*c = -93 - h. What is the units digit of c?
1
Suppose -6 = -k + 4*x + 46, 5*k - 2*x = 188. Suppose 24*u - 15*u - k = 0. What is the tens digit of u/(-3) - (-4 + 400/(-3))?
3
Let g be (-7)/(189/(-6)) + (-4070)/9. Let y = 762 + g. What is the hundreds digit of y?
3
Let m(h) = h**2 - 3*h - 50. Let x be m(-24). Suppose 3*r - x = -2*b, -b + 4*b = -3*r + 900. What is the units digit of b?
2
Let m = 1 - -3. Suppose -521 = -m*k + 323. Let f = k - 110. What is the hundreds digit of f?
1
Let x = -1106 - -1628. Let v = 825 - x. What is the units digit of v?
3
Let h = -2609 + 410. Let o = h + 3126. What is the units digit of o?
7
Let h(c) = -3*c + 79 - 2*c + 4*c + 11*c - 2*c**2. Let z(r) = 3*r**2 - 15*r - 119. Let j(f) = -8*h(f) - 5*z(f). What is the hundreds digit of j(16)?
1
Let u(y) = y**2 + 12*y - 86. Let d be u(-17). What is the units digit of 1046 + (7 + -9 - (1 + d))?
4
Suppose k = -5*r + 114152, -3*r + 26*k - 22*k + 68482 = 0. What is the hundreds digit of r?
8
Let k(q) be the first derivative of q**2/2 + 14*q - 4. Let z be k(-11). Suppose z*x - 3*p = 453, -2*x = x - 2*p - 458. What is the tens digit of x?
5
Let h be 4 + 24522/30 + (-12)/30. Let w = h - 427. What is the units digit of w?
4
Let d be ((-2)/(2/(-15)))/(2/2). Suppose 5*g - d = 10. Suppose t - g*z - 20 = 0, -t + 2*z + 17 = -0. What is the tens digit of t?
1
Suppose 5*o - 35615 = -5*l, -4*o - 2356 = -3*l + 19034. What is the units digit of l?
6
Let u be ((-4)/16)/(1/(-64)). Let q(j) = -j**3 + 18*j**2 - 16*j - 44. What is the hundreds digit of q(u)?
2
Let u(k) = 939*k + 549. What is the hundreds digit of u(19)?
3
Let y be (-3)/(-6)*1*8. Suppose -y*x - 242 = -f + 88, -312 = -f - 2*x. What is the hundreds digit of f?
3
What is the units digit of ((-2)/(20/94))/((-16)/80)?
7
Let c(z) = -290*z + 392. What is the thousands digit of c(-6)?
2
Let w = 210 + -207. Suppose 0 = w*t - 9, 7*t - 4*t - 1689 = -5*z. What is the tens digit of z?
3
Let c be (2/(-4))/(2/(-12)). Suppose 5*m - 2*h - 17 = 0, -c*h = h + 4. Suppose -92 = -q + m*s - s, 0 = -3*q - 4*s + 256. What is the tens digit of q?
8
Suppose 0 = m - 4*f - 2385, -4*m = -60*f + 57*f - 9449. What is the thousands digit of m?
2
Let x(n) = -5*n**2 + 2*n**2 + 8 + 2*n**2 - 18*n. Let y be x(-10). Suppose 4*u - 3*r = -6*r + 197, 2*r = 2*u - y. What is the tens digit of u?
4
Suppose 0*o + 4*o = 144. Let x = -36 + o. What is the tens digit of (-66)/(-2) - (2 + 1 + x)?
3
Let l = 204 - -1721. Suppose -i - 6*i + l = 0. What is the hundreds digit of i?
2
Let t(n) = -4*n**3 - 2*n**2 - 7*n. Let u = -22 - -40. Suppose -16*r = -u*r - 6. What is the hundreds digit of t(r)?
1
Suppose 17*w + 152 = 12*w + 4*q, 4*w = q - 115. Suppose -4*s - 7 = 21. What is the hundreds digit of 4/s - 3152/w?
1
Let r(v) = -86*v + 48. Let h(f) = -2*f - 1. Let d(o) = -2*h(o) + r(o). What is the hundreds digit of d(-2)?
2
Let p(r) = -2*r + 30. Let a(v) = -v + 29. Let k(q) = 3*a(q) - 2*p(q). Let n be k(-24). What is the tens digit of (-20)/(-5) + 9 - n?
1
Let t = 34 + -36. Let f be t/6 + 41/(-3). What is the tens digit of (-7)/f - 121/(-2)?
6
Suppose -3*a = 3*s + 15, 0 = 3*a + 4*s + 9 + 11. Suppose a = -5*t + 281 + 114. Let j = t - 46. What is the tens digit of j?
3
Let u = 11593 + -5248. What is the hundreds digit of u?
3
Suppose -170*y - 3*w = -168*y - 102848, w + 257120 = 5*y. What is the ten thousands digit of y?
5
Suppose -10 = -2*l, -3*q + 5*q - 503 = -l. Let o = 345 - q. What is the units digit of o?
6
Let q(n) = -17*n + 827 - 27*n - 33*n - 861. What is the units digit of q(-4)?
4
Let g(j) = j**3 - 19*j**2 + 20*j - 28. Let v be g(18). Suppose -3*s = -2*m - 11, -4*m - 2*s - 6 - v = 0. What is the tens digit of 211 - (3 + -4 - m)?
0
Suppose -119*v - 2*h = -116*v - 243391, 4*v - 324514 = h. What is the ten thousands digit of v?
8
Let r be -4 + (-3 - (-5 - -63)). Let b = 77 + r. What is the units digit of 1 - (12/8)/(b/(-1664))?
9
Let v(j) = -795*j - 336. What is the units digit of v(-13)?
9
Suppose 3*l - 4*w = -7, 3*l = 5*w - 7 - 1. Let u be (1 + -1 - l) + -1. Suppose 0 = x - 3*f - 71, -3*x + 2*f = -u*f - 248. What is the tens digit of x?
8
Suppose 408595 = -34*w + 11*w. What is the tens digit of -4*(w/10)/11?
4
Let k(x) = x**3 + 0*x**3 + x**2 - 60 - 4*x**2 - 19*x + 112 - 46. Let a(o) = -o**2 - 6*o - 1. Let m be a(-4). What is the units digit of k(m)?
9
Suppose 6*y - 2979 = -3*y. Let u = 381 + y. What is the tens digit of u?
1
Suppose -4*l + 96 = 4*l. What is the tens digit of (-399)/l*(-30 + 3 + -1)?
3
Let q(k) = -6*k - 10. Let p(b) = b + 2. Let y(i) = -14*p(i) - 3*q(i). Let s be y(1). Let w(t) = 3*t**2 - 9*t + 17. What is the units digit of w(s)?
1
Suppose -18237 = -5*f - 4*y, -3*f = 3*y - 7867 - 3077. Suppose 28*n - 23*n = f. Suppose 7*s - 349 = n. What is the tens digit of s?
5
Suppose -2*h - 26 = -4*d, -3*d - 10*h + 22 = -9*h. Suppose 460 = 27*v - d*v. What is the units digit of v?
3
Suppose -u + 2953 + 3406 = -5916. What is the hundreds digit of u?
2
What is the hundreds digit of (-113*(-3632)/(-40))/(2/20*-4)?
6
Suppose 23*h - 105083 = 56975. What is the thousands digit of h?
7
Suppose -18*y = 16*y - 136. Suppose -5*m + 2*h + 1151 = -74, -3*m - y*h = -761. What is the tens digit of m?
4
Suppose -q = -10 - 4. Let f(h) = 28*h + 24. What is the tens digit of f(q)?
1
Let a be (-108)/81*9/2. Let d be 115/2 + a/12. Let w = -26 + d. What is the units digit of w?
1
Let t(z) = z**3 - 7*z**2 + z - 5. Let r be t(7). Let u(k) = 7*k**2 - k**3 + r*k**3 - 6 + 38*k - 40*k. What is the units digit of u(-5)?
4
Let r(m) = 9*m + 4. Let u be r(3). Suppose -52*b + u*b + 19215 = 0. What is the tens digit of b?
1
Suppose a = 2*j - 40575, 430*a - 427*a + 20270 = j. What is the hundreds digit of j?
2
Suppose 59 - 7 = -3*l + 4*f, -2*l - 4*f - 28 = 0. What is the te